 = k*b(m) - 11*h(m). Give z(3).
0
Suppose 2*w + 2*q = 2, 3*w - 5 + 3 = -4*q. Let v(i) = 0 + 2*i - i**w + i + 0 + 4. Let c be 2*1 + (0 - -1). Determine v(c).
4
Let d(g) = 0*g + 11*g**2 - 7 + 0*g - 7*g. Let j(c) = -16*c**2 + 11*c + 11. Let m(f) = 8*d(f) + 5*j(f). What is m(-1)?
8
Let n(q) = q**3 + q**2 - 13. Suppose 0 = -2*m + 5*m. What is n(m)?
-13
Let u(c) = 3*c**2 - 2*c + 5. Let a(b) = -4*b**2 + 3*b - 4. Let x(j) = 2*a(j) + 3*u(j). Calculate x(0).
7
Let g be (-2 - -5)/(6/8). Let h(i) = 2*i + 0 - g*i + 1. Suppose -w - 1 = 2*x - 5, 5*x - 4*w = -3. Determine h(x).
-1
Let m(q) = 2*q**3 + 10*q**2 + 3*q + 19. Let i(y) = -y**3 - 5*y**2 - 2*y - 9. Let k(t) = -9*i(t) - 4*m(t). Calculate k(-4).
-3
Suppose 5*f - 4 = 6. Let y(b) = 2*b**2 - 9*b - b**2 - f*b**2 - 3. Let r(l) = -l**2 - 8*l - 3. Let i(c) = -5*r(c) + 4*y(c). Calculate i(-2).
-1
Let x(s) = s**2 - s**3 + 2*s**2 + s**2 + 2 - 7*s**2. Determine x(-2).
-2
Let m(d) be the third derivative of -d**4/24 - 5*d**3/6 - 3*d**2. Let j(r) = r**3 + 6*r**2 - 9*r - 5. Let t be j(-7). Let z = t + -14. Give m(z).
0
Suppose 0*p = -u + p - 3, 3*p = -9. Let d(o) = -o**3 - 6*o**2 - 4*o - 6. Give d(u).
18
Let x(w) = -6*w**2 + 10*w - 3. Let u(k) = 7*k**2 - 11*k + 4. Let a(z) = -5*u(z) - 6*x(z). Calculate a(4).
-6
Suppose 2 + 3 = a. Let s(r) = r**3 - 6*r**2 + 7*r - 3. Calculate s(a).
7
Let s(t) = -t - 7. Let y be 3 - 2*((-16)/(-4) + 0). Determine s(y).
-2
Let z(c) be the third derivative of 0 - 7/6*c**3 + 0*c + 11*c**2 - 1/24*c**4. Give z(-6).
-1
Suppose -2 + 4 = -l. Let x(f) = f**2 - f + 1. What is x(l)?
7
Let f(c) = c + c**2 - 4*c + 4*c - 3*c**2. Calculate f(1).
-1
Let p(d) = -7*d**2 - 6*d - 1. Let c(n) = 8*n**2 + 6*n. Let q(x) = 6*c(x) + 7*p(x). Suppose 4*f + 20 = -4*h - 12, -2*f - 4 = -4*h. Let k = 1 + f. What is q(k)?
-2
Let l(w) = w + 15. Suppose 0*g = v - 4*g + 25, -g - 15 = 4*v. Let t = -2 + v. Give l(t).
8
Let u(w) = -3*w**2 + 2*w + 1. Let y(i) = -i**2 + 6*i - 1. Let m be y(5). Suppose -m = j - 3*j. Give u(j).
-7
Let u(r) = 4*r**3 + 5*r**2 - 2*r + 1. Let w(q) = 9*q**3 + 10*q**2 - 4*q + 2. Let g(h) = -13*u(h) + 6*w(h). Let v = 4 - 1. Determine g(v).
14
Let r(v) = v**3 - 12*v**2 + v - 9. Let a be r(12). Let q(u) = u**3 - 2*u**2 - 3*u - 1. Determine q(a).
-1
Let o(i) = i**2 + 4*i - 1. Let g = -11 - -29. Suppose 8*x = 5*x + 9. Suppose -2 - g = 5*f - 5*j, -3*j + x = 0. What is o(f)?
-4
Let z(l) = 3*l + 3. Let o(c) = -12*c + 46. Let a be o(4). Give z(a).
-3
Let k = -13 - -7. Let n(l) = l**3 + 6*l**2 + l - 2. Give n(k).
-8
Let z = -77 - -83. Let b(y) = -y**3 + 7*y**2 - 5*y + 1. Give b(z).
7
Let u(q) = -q**2 - 3*q + 2. Let w be 3/(2 + (-20)/8). Calculate u(w).
-16
Let u(y) = -y - 1. Let m(j) = 2*j**2 - j. Let t be m(-2). Suppose -2*n + n - 2*a - 7 = 0, 0 = -5*n - 5*a - t. What is u(n)?
-4
Suppose 0*q = -3*q + 3*v, 0 = 4*q + 5*v. Suppose q - 10 = 2*f. Let b(w) = w**2 + 6*w - 1. Calculate b(f).
-6
Let y(o) be the third derivative of o**5/60 - o**4/8 + o**3/6 + o**2. Determine y(4).
5
Suppose 0 = -4*i - 24 + 20. Let k(y) = 6*y**2 + y + 1. Calculate k(i).
6
Let c(p) be the first derivative of -p + 0*p**2 + 0*p**3 + 8 + 1/2*p**4. Let l(j) = j**3 - 5*j**2 - 1. Let w be l(5). What is c(w)?
-3
Let r(m) = -m**2 - 4*m + 6. Let a(x) = x - 1. Let f(j) = -3*a(j) + r(j). Give f(-8).
1
Let y(s) = -s - 14. Suppose -18 = 2*m - 2*o, 0*m - 4*m - 2*o = 24. What is y(m)?
-7
Let p be (3 + -7)/((-4)/(-6)). Let o(k) = 6*k**3 + 12*k**2 + 10*k - 6. Let h(w) = w**3 + w**2 + w. Let z(y) = 5*h(y) - o(y). Give z(p).
0
Let d be -6 + -2 + 0 + 2. Let h(r) = -r - 8. What is h(d)?
-2
Let i(p) = -p + 5. Let l(r) = -r**2 - 7*r + 5. Let c be l(-8). Let w(n) = -4*n - 7. Let d be w(c). Determine i(d).
0
Let o(a) = a**3 - 5*a**2 + a. Let m = -6 + 0. Let p be (m/(-4))/(12/32). Determine o(p).
-12
Let q = 17 + -19. Let u(v) be the second derivative of -v**6/360 - v**5/60 - v**3/6 - v. Let a(z) be the second derivative of u(z). Determine a(q).
0
Let k(n) be the first derivative of -n**3/3 - 2*n - 9. Determine k(-2).
-6
Let y(a) = a - 1. Let c(r) = 6*r - 11. Let k(m) = c(m) - 5*y(m). Give k(6).
0
Let p be ((-6)/4)/((-12)/32). Let w(v) = 3*v + p*v**2 - 2 + 0*v - 2*v**2. Let t be -1 + (2 - 2) + -2. What is w(t)?
7
Let h(j) be the third derivative of -1/30*j**6 - 4*j**2 + 1/30*j**5 + 0 - 1/6*j**3 + 0*j**4 + 0*j. Calculate h(1).
-3
Let t be ((-3)/9)/((-1)/9). Let f(o) = 5 + 4*o**2 - o + 2*o**2 + 2*o**t - 3*o**3. Let y be (9/((-27)/(-6)))/((-2)/(-6)). Determine f(y).
-1
Let v(k) = -46 - k + 15 + 19. Give v(0).
-12
Let b = -35 - -28. Let g(r) = -r**2 - 7*r - 5. Give g(b).
-5
Let t(r) be the first derivative of -r**3/3 - 5*r**2 - 2*r - 40. Determine t(-9).
7
Let d(y) be the third derivative of y**3 + 0 + 0*y + 6*y**2 + 1/6*y**4 - 1/60*y**5. Give d(6).
-6
Let s(a) = a**3 + 5*a**2 + 3*a - 5. Suppose 4*l + 18 = f, 4*l + f - 6 + 20 = 0. What is s(l)?
-1
Let c(d) = -6*d**3 + 30*d**2 + 46*d + 9. Let v(r) = -r**3 + 6*r**2 + 9*r + 2. Let z(x) = -2*c(x) + 11*v(x). Suppose w + 4*w + 20 = 0. Determine z(w).
8
Let b(p) = -p**2 - 6*p. Let h be b(-5). Suppose 5*m + 4 = 29. Let c(l) = m*l - h*l - 2 + 3*l**2 - 2*l**2. What is c(-3)?
7
Suppose -3*o - 11 = -4*f, 13 = 2*f - 2*o + 3*o. Let n(c) = c**3 - 5*c**2 + 2*c - 4. Give n(f).
6
Let c(j) = 2065 - 4*j**2 + j + j**2 + j**3 - 3*j - 2060. Determine c(4).
13
Let d(w) be the first derivative of w**4/12 - 5*w**3/6 - 11*w**2/2 + 3. Let a(g) be the second derivative of d(g). Let u = -4 - -10. Determine a(u).
7
Let o be (0 - 0/(-3)) + 0. Let k(z) = -z**3 + 1. Determine k(o).
1
Let g(a) be the third derivative of a**7/420 - a**5/120 - a**4/24 + 2*a**3/3 + 2*a**2. Let i(q) be the first derivative of g(q). Determine i(-1).
-2
Let v(s) = -3*s**2 - 3*s - 2. Let f(c) = -4*c**2 - 2*c - 3. Let x(q) = -4*f(q) + 5*v(q). Let b be x(6). Let d(t) = -t**3 - 5*t**2 - 2*t - 6. Give d(b).
-14
Let o(k) = -4*k**2 - 2*k + 1. Let w be o(1). Let q(f) be the third derivative of f**6/120 + f**5/12 - f**4/24 - f**2. Calculate q(w).
5
Let s = -6 + 9. Let a(c) = -c - 3*c - 4 + 5 + 3*c. Calculate a(s).
-2
Let d(a) = -a**2. Let j(y) = -8*y**2 + 1. Let o(i) = -2*d(i) + j(i). Give o(-1).
-5
Let y = 6 + -7. Let l be y*(2 - 3)*-1. Let v(d) = 5*d**3 + 2*d**2 + d. Give v(l).
-4
Let g(v) = v - 21. Suppose -4*b = n + 4, b - 3 + 4 = -n. Determine g(n).
-21
Suppose 0 = -4*r + p + 19, 2*r + 3*p + 2 = 3*r. Let j(z) = -z - 4 + r + 6. Let u be (90/9)/(4 - 2). Determine j(u).
2
Suppose 0 = -3*a + 5 + 1. Suppose -6*w + a = -5*w. Let d(i) = -2*i**2 + i + 2. Give d(w).
-4
Let m(p) = 5*p + 3. Suppose -q - 3 = -4*q. Let t = -3 + q. Give m(t).
-7
Let x(g) = 1 + 4*g - 1. Suppose -17 = 5*r + 13. Let j = r + 8. Give x(j).
8
Let o(l) = -l + 2. Let n = 67 + -70. Calculate o(n).
5
Let f(p) = p**3 - 2*p**2 - p + 1. Suppose -2 = -4*u + 6. What is f(u)?
-1
Let u(j) = -j**2 + 5*j - 1. Let p be (-5)/(-15) - (-22)/6. Let y be u(p). Let f(x) = -x**3 + 3*x**2 - x - 1. Give f(y).
-4
Let p(z) = -6 - 11 + z**2 + 19 + 4 + 4*z. Let a be -3 + 2 + 0 + -3. Give p(a).
6
Let g(y) = -6*y**3 + y**2 + y. Let n(x) = 18*x**3 - 3*x**2 - 3*x. Let a(t) = 7*g(t) + 2*n(t). Determine a(-1).
6
Let u(j) be the first derivative of j**4/4 - 5*j**3/3 - 5*j**2/2 + 5*j - 56. What is u(6)?
11
Suppose -2 - 4 = -2*x. Suppose 0*k = x*k. Let s(z) = z - 3. Let i(q) = 2*q - 6. Let m(t) = -6*i(t) + 11*s(t). Determine m(k).
3
Let n(l) = -3*l + 3. Suppose 4*u + 60 = 5*c, -c - 2*c + 4*u = -36. Suppose -6*f + c = -3*f. Suppose 2*z - 10 = f*w, 3 = 2*z + w + 2*w. Give n(z).
-6
Let x(a) = a**2 + 4*a - 3. Let k(p) = 5*p - 4. Let d(z) = 4*k(z) - 5*x(z). Determine d(1).
-6
Let x(s) = -s**3 + 5*s**2 - 5*s + 3. Suppose 9 = 5*w + o - 8, 0 = 5*w + 3*o - 21. Give x(w).
6
Let s(t) be the first derivative of -t**7/140 + t**6/180 - t**4/24 + t**3 - 3. Let o(j) be the third derivative of s(j). Give o(1).
-5
Let l(c) = -c**2 - c. Let m(n) = -35*n**2 + 1 - 5 - 3*n + 30*n**2. Let f(x) = -4*l(x) + m(x). What is f(0)?
-4
Let n(b) = 6*b**2 - b. Suppose 0*s = s - 18. Suppose s = 2*z + 20. Calculate n(z).
7
Let d(a) = 7*a**3 + a**2 + a. Suppose 1 = 3*b - 5*q + 9, 0 = 3*b + 4*q - 1. Calculate d(b).
-7
Let d(v) be the third derivative of v**6/60 + v**4/24 + v**3/6 + v**2. Suppose -2*u - 2 = -0*u. What is d(u)?
-2
Let l be 54/(-10) - (-4)/10. Let i = -5 - l. Let c(h)